 510b + -1?
510a
In base 16, what is -2 + -12?
-14
In base 2, what is -101110 + 111?
-100111
In base 16, what is -191 + -2?
-193
In base 5, what is -14 + -314?
-333
In base 9, what is 1748 + 4?
1753
In base 13, what is -3 - -b0?
aa
In base 12, what is 5 + 916?
91b
In base 4, what is -2 - -12?
10
In base 12, what is 1210 + 1?
1211
In base 3, what is -20101 + -2?
-20110
In base 9, what is -81 + -5?
-86
In base 4, what is 13 + 1131?
1210
In base 5, what is 30 - -13?
43
In base 7, what is -5 + -420?
-425
In base 13, what is -19 + 12?
-7
In base 3, what is -110220201 - -10?
-110220121
In base 6, what is 2 + -13?
-11
In base 8, what is -2 - 1076?
-1100
In base 15, what is 0 - -16d?
16d
In base 13, what is 0 - -568?
568
In base 3, what is 12 - 12212?
-12200
In base 14, what is 0 - -106?
106
In base 9, what is -130 - -156?
26
In base 8, what is -276 + 3?
-273
In base 2, what is -11000 + -10010111000?
-10011010000
In base 9, what is -10685 - -4?
-10681
In base 13, what is -3 - 14?
-17
In base 12, what is -82 + -4?
-86
In base 15, what is 0 - -41?
41
In base 13, what is 707 + -4?
703
In base 10, what is -3 + -48?
-51
In base 3, what is 110 - -21?
201
In base 13, what is -5 - -1?
-4
In base 15, what is 4bb - 5?
4b6
In base 13, what is -1 - 313?
-314
In base 12, what is 5a4 + -5?
59b
In base 3, what is -110211022 - -12?
-110211010
In base 13, what is 4 - -129?
130
In base 7, what is 1536 + 4?
1543
In base 13, what is b6a - -3?
b70
In base 3, what is 120201220 - -2?
120201222
In base 12, what is -2 + 19a?
198
In base 6, what is -50 - 1?
-51
In base 2, what is 100 - 110011000?
-110010100
In base 2, what is -100111111000 + 101?
-100111110011
In base 2, what is 10 - -101011?
101101
In base 11, what is 4 - -35?
39
In base 13, what is -5 + -276?
-27b
In base 9, what is -141 + -5?
-146
In base 14, what is -a8 - -2?
-a6
In base 4, what is 11023 + -2?
11021
In base 7, what is 54 - 1?
53
In base 8, what is -4 - 13543?
-13547
In base 13, what is 4 + -3a?
-36
In base 5, what is 43 - 3224?
-3131
In base 8, what is -51 + -24?
-75
In base 9, what is -11 + 11?
0
In base 5, what is -2 + -4322?
-4324
In base 11, what is 29 - 7?
22
In base 5, what is 2 - 2423?
-2421
In base 4, what is -3 - -310?
301
In base 14, what is -19 - -a?
-d
In base 16, what is 5 - ebf?
-eba
In base 3, what is 1122 + 20221?
22120
In base 16, what is 0 - -3d?
3d
In base 3, what is -1002002 + 1?
-1002001
In base 9, what is -67 - -6?
-61
In base 12, what is 4b9 - 0?
4b9
In base 13, what is -51 - 15?
-66
In base 14, what is 14 - -3?
17
In base 4, what is -13 + 12102?
12023
In base 3, what is 1212 - 11202?
-2220
In base 15, what is 53 + 4?
57
In base 12, what is 0 - -4a?
4a
In base 3, what is 12010 - 10?
12000
In base 5, what is -1231 + -1?
-1232
In base 14, what is -91c3 + 2?
-91c1
In base 3, what is 1 + 2000?
2001
In base 13, what is 4 + 147?
14b
In base 15, what is 538 + 0?
538
In base 4, what is -3 + 1130?
1121
In base 2, what is -11010 + 0?
-11010
In base 9, what is 14 + 8?
23
In base 8, what is 331 - -2?
333
In base 8, what is 4 + 44?
50
In base 14, what is -c4 + 4?
-c0
In base 15, what is -472b + 1?
-472a
In base 7, what is 13161 - 1?
13160
In base 4, what is -2113113 - -3?
-2113110
In base 3, what is -21221 - -11?
-21210
In base 15, what is 165 - -3?
168
In base 4, what is 11 - -1122?
1133
In base 6, what is -431 - 0?
-431
In base 10, what is 16 - -39?
55
In base 6, what is 2 - -104?
110
In base 11, what is -43 + -9?
-51
In base 12, what is 7 - 17?
-10
In base 7, what is -3616 - -1?
-3615
In base 3, what is 1010102201 - 1?
1010102200
In base 16, what is 2 + 3a?
3c
In base 5, what is 3 + 3313?
3321
In base 6, what is 2554 - 3?
2551
In base 2, what is 10101 + 1?
10110
In base 9, what is 4 - 381?
-376
In base 10, what is 4 + -2076?
-2072
In base 16, what is 2d0 + -5?
2cb
In base 11, what is -24554 - 3?
-24557
In base 9, what is -7 + 147?
140
In base 10, what is 0 + 1542?
1542
In base 16, what is 1 - 10?
-f
In base 12, what is -1 - 1a9?
-1aa
In base 16, what is -1 + 1be?
1bd
In base 11, what is -3a + 60?
21
In base 5, what is -34322 + 2?
-34320
In base 15, what is -1 - 362?
-363
In base 13, what is -3465 + 4?
-3461
In base 4, what is 2000331 - 2?
2000323
In base 3, what is -20 + 200001?
122211
In base 6, what is 3 + -3243?
-3240
In base 16, what is 1 - 219?
-218
In base 13, what is 7 - b?
-4
In base 11, what is 12 - 58?
-46
In base 13, what is -37 + -c?
-46
In base 10, what is 614 - -5?
619
In base 15, what is -2 + 59?
57
In base 16, what is -12 - -3?
-f
In base 6, what is -21 + 10?
-11
In base 8, what is -1 + -440?
-441
In base 5, what is -3 - 2242?
-2300
In base 13, what is 36 - 15?
21
In base 13, what is -1 + 43?
42
In base 7, what is 166 - -4?
203
In base 10, what is 3303 - -6?
3309
In base 12, what is 1 + 128?
129
In base 16, what is -5 - 36b?
-370
In base 6, what is -14 + -1?
-15
In base 11, what is -10 - 11a?
-12a
In base 7, what is 13 + 35?
51
In base 12, what is 115 + -1?
114
In base 15, what is 1 - 17?
-16
In base 4, what is -1020020 + -3?
-1020023
In base 13, what is 2 + 61a?
61c
In base 15, what is -2a6 + 1?
-2a5
In base 3, what is 22221 - -2?
100000
In base 14, what is 451 - -5?
456
In base 4, what is 0 + 22?
22
In base 9, what is 0 + 573?
573
In base 8, what is 17 + -2?
15
In base 12, what is -1166 - -1?
-1165
In base 4, what is -20 - 0?
-20
In base 13, what is -2a + -90?
-ba
In base 3, what is 22 + -1220?
-1121
In base 9, what is -6810 - 4?
-6814
In base 6, what is -14 - 2?
-20
In base 13, what is 3 + -106?
-103
In base 3, what is 0 - -2000021?
2000021
In base 2, what is 101 - 1011100001?
-1011011100
In base 12, what is 5 + 1b7?
200
In base 13, what is 2 - 32?
-30
In base 4, what is 2 - 2012?
-2010
In base 10, what is 1 + -5?
-4
In base 13, what is -9 - -35c?
353
In base 5, what is 3 - 103?
-100
In base 16, what is 9 + -de0?
-dd7
In base 9, what is -6285 + 5?
-6280
In base 15, what is -7 - 2078?
-2080
In base 9, what is -150 + -2?
-152
In base 16, what is 0 + e4?
e4
In base 14, what is 10405 + 4?
10409
In base 5, what is 4 + -2220?
-2211
In base 7, what is 0 - 11443?
-11443
In base 2, what is 100101010 + -100?
100100110
In base 9, what is 0 + -707?
-707
In base 13, what is 0 - -6?
6
In base 4, what is 3020 + -3?
3011
In base 4, what is 231012 + -10?
231002
In base 8, what is 1 + -2676?
-2675
In base 11, what is -5 + -325?
-32a
In base 2, what is 101111 + 1001?
111000
In base 12, what is 5 - ba?
-b5
In base 14, what is 3 + 446?
449
In base 9, what is -3 + 617?
614
In base 8, what is -3 + -5064?
-5067
In base 4, what is 113022 - 1?
113021
In base 2, what is -101 + 111010110?
111010001
In base 7, what is 6220 + 5?
6225
In base 7, what is 412 + 3?
415
In base 10, what is 3 - -2808?
2811
In base 4, what is 121 + -30?
31
In base 11, what is 9 - 640?
-632
In base 4, what is 2 - 112030?
-112022
In base 5, what is -100204 + 3?
-100201
In base 15, what is -b7 - -2?
-b5
In base 12, what is -6 - -14?
a
In base 11, what is -5a + 9?
-51
In base 5, what is 111200 + -1?
111144
In base 2, what is 1000 - -10110100?
10111100
In base 4, what is 200 - 21323?
-21123
In base 14, what is 7 - -5c?
65
In base 9, what is 7 + -110?
-102
In base 8, what is 66 - -100?
166
In base 14, what is -a92 - -4?
-a8c
In base 16, what is 27 + -43?
-1c
In base 5, what is -2 + 2032?
2030
In base 13, what is 0 + -2504?
-2504
In base 16, what is 6 + 5?
b
In base 5, what is -433442 + 10?
-433432
In base 6, what is -2005 - 3?
-2012
In base 11, what is -12a6 - 2?
-12a8
In base 8, what is 4 + 20?
24
In base 15, what is -4 + 5a9?
5a5
In base 10, what is -6 - 127?
-133
In base 12, what is 8 + -100?
-b4
In base 7, what is 1204 + 1?
1205
In base 6, what is -14505 + -2?
-14511
In base 13, what is 2 + -360?
-35b
In base 16, what is 13 - 1?
12
In base 6, what is -13 - -42?
25
In base 12, what is -11 - 211?
-222
In base 13, what is -4492 + 3?
-448c
In base 15, what is -154 - -7?
-14c
In base 3, what is -10210 - 1212?
-12122
In base 4, what is 3 + 232?
301
In base 14, what is 119 + -3?
116
In base 3, what is -102 + 12?
-20
In base 2, what is 1000111001 + 1?
1000111010
In base 15, what is 2 - -1163?
1165
In base 2, what is 100111101 - -1010?
101000111
In base 6, what is 5 + 1453?
1502
In base 5, what is -123 - 112?
-240
In base 15, what is